{"id":834,"date":"2025-01-25T09:16:28","date_gmt":"2025-01-25T09:16:28","guid":{"rendered":"http:\/\/vapo.gsln.ro\/?page_id=834"},"modified":"2025-11-17T16:57:46","modified_gmt":"2025-11-17T16:57:46","slug":"depozitare","status":"publish","type":"page","link":"https:\/\/vapogroup.eu\/index.php\/ro\/servicii\/depozitare\/","title":{"rendered":"Depozitare"},"content":{"rendered":"<div id=\"pl-834\"  class=\"panel-layout\" ><div id=\"pg-834-0\"  class=\"panel-grid panel-no-style\" ><div id=\"pgc-834-0-0\"  class=\"panel-grid-cell\" ><div id=\"panel-834-0-0-0\" class=\"so-panel widget widget_black-studio-tinymce widget_black_studio_tinymce panel-first-child panel-last-child\" data-index=\"0\" ><div class=\"textwidget\"><p><span style=\"font-weight: 400;\">Serviciile noastre de depozitare \u0219i distribu\u021bie sunt auditate \u0219i analizate \u00een mod regulat pentru a ne asigura c\u0103 sunt aliniate modelelor de afaceri moderne, iar toate \u00eembun\u0103t\u0103\u021birile necesare sunt implementate pentru a continua s\u0103 satisfacem eficient cerin\u021bele logistice ale clien\u021bilor no\u0219tri. Echipa noastr\u0103 logistic\u0103 are ani de experien\u021b\u0103 \u00een domeniu \u0219i poate gestiona proiecte de lung\u0103 durat\u0103 \u0219i de mare amploare cu profesionalism deplin. Serviciul nostru de rela\u021bii cu clien\u021bii \u00eei men\u021bine informa\u021bi pe parcursul \u00eentregului proces, oferindu-le suport ori de c\u00e2te ori este necesar.<\/span><\/p>\n<p><span style=\"font-weight: 400;\">Consulta\u021bi exper\u021bii no\u0219tri ast\u0103zi pentru nevoile dumneavoastr\u0103 de logistic\u0103, depozitare \u0219i distribu\u021bie \u0219i permite\u021bi-ne s\u0103 aducem o diferen\u021b\u0103 pozitiv\u0103 afacerii dumneavoastr\u0103.<\/span><\/p>\n<p><span style=\"font-weight: 400;\">Mai mult dec\u00e2t at\u00e2t, exper\u021bii no\u0219tri \u00een managementul lan\u021bului de aprovizionare vor proiecta un proces logistic special adaptat afacerii dumneavoastr\u0103, \u00eentr-un mod integrat. Serviciile noastre de depozitare includ o gam\u0103 larg\u0103 de opera\u021biuni, precum: control \u0219i gestionare a stocurilor, construc\u021bia \u00eenc\u0103rc\u0103turilor, managementul cur\u021bii, reaprovizionare static\u0103 \u0219i dinamic\u0103, asamblare (kitting), procesarea comenzilor, evaluarea performan\u021bei furnizorilor, cross-docking, managementul lan\u021bului de aprovizionare, integrare logistic\u0103, coduri de bare, controlul calit\u0103\u021bii, etichetare, evaluarea transportatorilor etc.<\/span><\/p>\n<\/div><\/div><\/div><div id=\"pgc-834-0-1\"  class=\"panel-grid-cell\" ><div id=\"panel-834-0-1-0\" class=\"so-panel widget widget_black-studio-tinymce widget_black_studio_tinymce panel-first-child panel-last-child\" data-index=\"1\" ><div class=\"textwidget\"><p><a href=\"https:\/\/xml-io.proteusthemes.com\/cargopress\/wp-content\/uploads\/sites\/24\/2015\/04\/4.jpg\"><img loading=\"lazy\" decoding=\"async\" class=\"alignnone size-full wp-image-34\" src=\"https:\/\/xml-io.proteusthemes.com\/cargopress\/wp-content\/uploads\/sites\/24\/2015\/04\/4.jpg\" alt=\"4\" width=\"848\" height=\"480\" \/><\/a><\/p>\n<p><a href=\"https:\/\/xml-io.proteusthemes.com\/cargopress\/wp-content\/uploads\/sites\/24\/2015\/04\/1.jpg\"><img loading=\"lazy\" decoding=\"async\" class=\"alignnone size-full wp-image-31\" src=\"https:\/\/xml-io.proteusthemes.com\/cargopress\/wp-content\/uploads\/sites\/24\/2015\/04\/1.jpg\" alt=\"1\" width=\"848\" height=\"480\" \/><\/a><\/p>\n<\/div><\/div><\/div><\/div><\/div>","protected":false},"excerpt":{"rendered":"<p>Serviciile noastre de depozitare \u0219i distribu\u021bie sunt auditate \u0219i analizate \u00een mod regulat pentru a ne asigura c\u0103 sunt aliniate modelelor de afaceri moderne, iar toate \u00eembun\u0103t\u0103\u021birile necesare sunt implementate pentru a continua s\u0103 satisfacem eficient cerin\u021bele logistice ale clien\u021bilor no\u0219tri. Echipa noastr\u0103 logistic\u0103 are ani de experien\u021b\u0103 \u00een domeniu \u0219i poate gestiona proiecte de &hellip;<\/p>\n","protected":false},"author":1,"featured_media":34,"parent":794,"menu_order":0,"comment_status":"closed","ping_status":"open","template":"","meta":{"_acf_changed":false,"footnotes":""},"class_list":["post-834","page","type-page","status-publish","has-post-thumbnail","hentry"],"acf":[],"_links":{"self":[{"href":"https:\/\/vapogroup.eu\/index.php\/wp-json\/wp\/v2\/pages\/834","targetHints":{"allow":["GET"]}}],"collection":[{"href":"https:\/\/vapogroup.eu\/index.php\/wp-json\/wp\/v2\/pages"}],"about":[{"href":"https:\/\/vapogroup.eu\/index.php\/wp-json\/wp\/v2\/types\/page"}],"author":[{"embeddable":true,"href":"https:\/\/vapogroup.eu\/index.php\/wp-json\/wp\/v2\/users\/1"}],"replies":[{"embeddable":true,"href":"https:\/\/vapogroup.eu\/index.php\/wp-json\/wp\/v2\/comments?post=834"}],"version-history":[{"count":2,"href":"https:\/\/vapogroup.eu\/index.php\/wp-json\/wp\/v2\/pages\/834\/revisions"}],"predecessor-version":[{"id":1095,"href":"https:\/\/vapogroup.eu\/index.php\/wp-json\/wp\/v2\/pages\/834\/revisions\/1095"}],"up":[{"embeddable":true,"href":"https:\/\/vapogroup.eu\/index.php\/wp-json\/wp\/v2\/pages\/794"}],"wp:featuredmedia":[{"embeddable":true,"href":"https:\/\/vapogroup.eu\/index.php\/wp-json\/wp\/v2\/media\/34"}],"wp:attachment":[{"href":"https:\/\/vapogroup.eu\/index.php\/wp-json\/wp\/v2\/media?parent=834"}],"curies":[{"name":"wp","href":"https:\/\/api.w.org\/{rel}","templated":true}]}}